706. Is m composite?
False
Let m(o) = o**2 - o + 1. Let k be m(1). Is (k + (-4)/3)/(2/(-1524)) a composite number?
True
Suppose 5*a = 5*z - 5621 - 2584, 5*z - 8197 = 3*a. Is z composite?
False
Let s(y) = 5*y + 31. Let t be s(-9). Is (-20)/70 + (-11806)/t a prime number?
False
Let v = 92 + -90. Suppose -3580 - 894 = -v*u. Is u prime?
True
Let t = 2617 - 1254. Is t prime?
False
Let g be (0 - -1)/(-1) - -4. Let c(k) = 0 - 2*k**g - 4*k - 8*k**2 + k**3 + 2. Is c(-9) composite?
True
Let r(u) = -u**2 - 3*u + 3. Let w be r(6). Is (-1636)/6*w/34 a composite number?
False
Suppose 566 = o + 3*p, 3*p - p - 1120 = -2*o. Is o a composite number?
False
Let o(u) = -6*u - 3. Let s be o(2). Let v = s - -25. Suppose -v = -l + 36. Is l a composite number?
True
Let k be 4*(101*(-1)/(-4) - -3). Suppose -k = -0*t - t. Is t a composite number?
False
Suppose 1180 = 10*t - 8*t. Suppose g - t = -g. Is g a composite number?
True
Suppose 4*r - 3*g = g + 10348, 0 = -4*r - 2*g + 10336. Suppose 44*w - r = 39*w. Is w a prime number?
False
Suppose -2*r = -8, 0 = -3*p + 8*p - 3*r - 447013. Is p a composite number?
True
Suppose -8*n = -63048 - 63280. Is n prime?
True
Let l be 246*(-12 - 1) - 4. Let h = 4548 + l. Is h composite?
True
Let r = 43016 - 24157. Is r prime?
True
Suppose 0 = 1630*n - 1631*n + 11903. Is n a prime number?
True
Suppose -4*m = 12, 2*f + 18 = f - 3*m. Is (518/3)/((-6)/f) prime?
False
Suppose -2 = n + n. Let j be 3/(n - (-32)/28). Suppose -w + j = -140. Is w composite?
True
Let u(f) = f**3 + 19*f**2 - 26*f + 23. Let c = -9 + -11. Is u(c) composite?
True
Suppose 5*z = -5*f + 200, 2*z = f + 4*f + 73. Let c = -2 + z. Is (c + 2)*2 - -1 prime?
True
Let h(a) = -a**3 + 16*a**2 + 18*a - 40. Is h(13) composite?
False
Is 2404961/(-1001)*-35 + 6/(-11) a composite number?
False
Let k = -28 - 35. Let c = 42 + k. Is 113/(c/(-6) + -3) a composite number?
True
Suppose 0 = -0*a - 26*a + 58942. Is a composite?
False
Let o(a) = -2*a + 9. Let k be o(7). Let j(p) be the second derivative of p**4/12 + p**3/3 - 3*p**2 + 2*p. Is j(k) composite?
True
Let f(a) = 88*a**2 - 100*a - 41. Is f(18) a prime number?
False
Is 9/(-4)*28/(-21) - -1903 composite?
True
Let z be 3 - (2 + -2 + -2). Suppose -z*q + 785 = 2*b, 0 = q + 3*b - 240 + 83. Is q composite?
False
Let m(u) = -u**2 - 12*u + 17. Let o(q) = -1. Let f(t) = -m(t) - 6*o(t). Is f(-16) a prime number?
True
Let z(u) = -3*u**2 - 2*u**3 - u**2 + 2*u**3 - u**3. Let o be z(-4). Suppose -2*f = -o*f - 404. Is f composite?
True
Let b(r) = 21*r**2 - 16*r - 123. Is b(24) prime?
False
Suppose -3*l + 9 = 0, 4*l + 18 + 81 = 3*p. Is p a prime number?
True
Let q(c) = -c**2 - 5*c + 8. Let z be q(-5). Suppose z*i - 3837 = 443. Is i prime?
False
Let k(b) = -2*b - 5. Let q(r) = r + 1. Let v(h) = 2*k(h) + 6*q(h). Let c be v(8). Is (-3908)/(-24) + 2/c prime?
True
Let r(y) = y**2 + 2*y - 4. Let s be r(-4). Suppose 66 - 206 = -s*n - 4*i, -i = -3*n + 109. Is (-1)/(-3) - (-15072)/n a composite number?
False
Suppose -2*n = -0*h - 2*h + 374, 375 = -2*n + h. Let q = -104 - n. Suppose q = -6*d + 438. Is d a prime number?
True
Let t = 102339 + -34086. Is t prime?
False
Suppose 0 = 3*f + 2*f - 70. Let j = 17 - f. Is (2/1 - j) + 80 composite?
False
Let n = 69 - 51. Suppose n*h + 5505 = 23*h. Is h a composite number?
True
Let t be (1 - (-34)/4)/(8/(-16)). Let m = 182 - t. Is m a composite number?
True
Let t(g) = -g**3 + 10*g**2 + 4. Let r be t(9). Let j be (-13)/39 - r/(-3). Suppose 25*v + 753 = j*v. Is v prime?
True
Let g(y) = -2028*y**3 - y**2 - y - 1. Is g(-1) a composite number?
False
Let o(p) = -157*p - 15. Let w be o(7). Let x = -83 - w. Is x a composite number?
False
Suppose 763445 = 38*l - 33*l. Is l prime?
False
Suppose 0 = 3*x - 14 - 7. Let m(o) = -o**3 + 8*o**2 + 10*o - 10. Let z be m(x). Suppose 0 = -3*u + 2*u + z. Is u a composite number?
False
Let s(m) = -5*m**2 + m - 15. Let t(x) = 4*x**2 + 15. Let c(p) = -6*s(p) - 5*t(p). Is c(5) a composite number?
True
Let l(q) = -285*q - 152. Is l(-9) prime?
False
Suppose l - 5*m + 12 = 0, -5*l - 5*m + 27 = -m. Suppose 0 = l*i + i - 16. Suppose -5*p = w - 128, -p - i*w = -2*p + 13. Is p a prime number?
False
Suppose -4*a = -r + 33141, 0 = 4*r + 9*a - 14*a - 132586. Is r a prime number?
True
Let z = 56 + 261. Is z prime?
True
Let z be (-138)/(-4)*(-8)/12. Suppose -5*l + 527 = 4*w - 2*l, 2*l + 542 = 4*w. Let g = w - z. Is g a composite number?
False
Let f be (1700/(-20))/(1/(-27)). Let r = 3512 - f. Is r composite?
False
Suppose -5*q + 5*o = 310, -40 = 4*q - 3*o + 212. Is 1391/2 - (q/4)/11 prime?
False
Let l(z) = 2956*z**2 - 112*z + 11. Is l(-5) composite?
False
Suppose -5*s = 2*b - 7*b - 35, -4*b + 2*s - 30 = 0. Let a(w) = -6*w**2 - 9*w**2 + 12*w + 11 + 4*w**2 + w**3 + 21*w**2. Is a(b) composite?
False
Let u = 14 + -10. Suppose t = 0, u = 2*i - t + 2*t. Suppose 7*y - i*y - 955 = 0. Is y a composite number?
False
Suppose -7*u + 38059 = -36064. Is u a prime number?
True
Let v(l) = l**2 + 7*l + 8. Let f be v(-3). Is (2271/(-6))/(2/f) a composite number?
False
Let y be (-1)/4*(-8)/2. Is (-12420)/(-24) - y/2 composite?
True
Suppose 0 = 8*v - 8080 - 1672. Is v a composite number?
True
Let w(y) = 13*y**2 + 4*y - 2. Let f = -26 + 29. Is w(f) a composite number?
False
Suppose -8*s + 321283 = 9*s. Is s prime?
True
Suppose 48 = 6*x + 12. Suppose x*t - 568 = 7178. Is t a prime number?
True
Let o(v) = -13*v - 34. Let r be o(-18). Suppose 0 = -k - 3*g + 691, 495 = k + g - r. Is k a composite number?
True
Suppose -6*c = -26*c + 65860. Is c a prime number?
False
Let h be (-4)/(-12) - 4/(-24)*-2. Suppose -3*g - 2*j + 8216 = 3*j, -4*g - 5*j + 10963 = h. Is g prime?
False
Suppose -h + 39158 = 3*u, 2*u - 34310 = -4*h - 8188. Is u a composite number?
True
Is 2/(-6)*(-326)/4*6 prime?
True
Let x(y) = 2*y + 39. Let m be x(-20). Is (1 + m + 694)*4/4 a composite number?
True
Is 29*(-66)/(-10) + 2/(-5) a composite number?
False
Is 5878*(-7)/(-112)*8 a prime number?
True
Let m(a) = a**3 - 5*a**2 + a - 8. Let y(q) = q - 8. Let r be y(15). Is m(r) composite?
False
Let u = 11621 + 35268. Is u prime?
True
Let j be (1 - 0) + (-2)/2. Suppose -2*v + 11*v - 4311 = j. Is v a prime number?
True
Suppose -40 = -6*p + 2*p. Let o(r) = r**2 - 4*r + 19. Is o(p) a prime number?
True
Let y = 104 - -158. Suppose m + y = 3*m. Is m/((-3)/(-12)*4) a prime number?
True
Let t(k) = 83*k**2 - 2*k + 5. Let j be 2/18*(-8 - -5)*-9. Is t(j) a prime number?
False
Suppose 16 = b + 4*m, 2*b - m - 92 = 3*m. Let f = b - 36. Let c(q) = q**2 - 2*q + 21. Is c(f) a composite number?
True
Suppose -g = -4*b + 312405, 5*g - 20320 + 254628 = 3*b. Is b a composite number?
False
Let m = -50 - -35. Is m/(-12)*(-1 + 389) prime?
False
Let i(u) = u**3 - 10*u**2 - u - 2. Let d be i(10). Is (d/15 - (-3)/(-15)) + 1028 a composite number?
True
Let q(o) = o**2 - o + 1. Let y(u) = 166*u**2 + u - 2. Let g(l) = 2*q(l) + y(l). Is g(-2) composite?
True
Suppose -p = -25*p + 23784. Is p prime?
True
Let p = -2 + 6. Suppose -3*q = -p*q + 5. Suppose -q*y + 341 = -744. Is y composite?
True
Let v be ((-129)/(-2))/(-3)*2. Let g be (21 - 4)/(((-7)/(-6))/7). Let t = v + g. Is t composite?
False
Is (1384 + 15)*(7 + -3 + -3) composite?
False
Suppose -2*j + 4*v = 9*v - 15791, 3*j + v = 23706. Is j a prime number?
False
Let g = 15 - 10. Suppose 5*f + 21 = -g*u - 49, -2*f = -4*u + 52. Is (-1838)/(-6) - 12/f a prime number?
True
Is (8/(-10) - (-6)/(-30))*-377 prime?
False
Let m(t) = 4*t**2 + 6*t - 21*t**3 - 11 + 2*t**2 - 5*t. Is m(-6) composite?
True
Let l = 279 + -241. Is l composite?
True
Let x be -4 - -6*(0 + -1). Let d be (-66)/x + 2/5. Is (2/6)/(d/10563) a composite number?
False
Let f(c) = 2*c - 2. Let r = -7 - -10. Let m be f(r). Suppose -5*o = 2*p + 2*p - 1265, -m*o + 1023 = p. Is o prime?
True
Let g = 2093 - 952. Suppose 0 = 6*j - 13*j + g. Is j a prime number?
True
Suppose 0 = -2*p + w + 16 - 4, w - 8 = -3*p. Suppose m + 114 - 585 = y, p*m - 932 = 2*y. Let g = y - -679. Is g a prime number?
False
Suppose -3*u = -5*w + 119248, 0 = 7*w - 2*w + 3*u - 119242. Is w composite?
True
Suppose -63662 = -8*m - 17766. Is m composite?
False
Suppose 0 = n - 14 + 257. Is 2275/9 + (-9)/(n/6) a composite number?
True
Let w = 34547 - 1344. Is w prime?
True
Let j = -23 + 257. Let f = j + -85. Is f a prime number?
True
Let